ctor of b and l?
10
Let i be 630/(-700)*5/(-6) + (-138)/(-8). Calculate the greatest common factor of 1251 and i.
9
Suppose -q - 745 = -5*q + 5*a, -552 = -3*q - 3*a. Suppose 0 = 103*t - 1883 - 5739. Calculate the highest common divisor of t and q.
37
Let f = -167 + -68. Let o = f - -290. What is the greatest common factor of 88 and o?
11
Let w be ((-6)/(-15))/((-1)/(-50)*-1). Let f be (3 - (-33)/(-9))*(3 + 21). Let z be f/20 + (-116)/w. Calculate the highest common factor of z and 1.
1
Let g be 4/(5/(2020/8)). Let h = g - 176. Suppose 0 = 5*w - 166 - 159. Calculate the highest common divisor of w and h.
13
Suppose 2769 - 8208 = -147*h. What is the highest common divisor of 16539 and h?
37
Let m(c) = -1956*c - 24348. Let r be m(-19). What is the greatest common divisor of r and 108?
36
Let r be (-19058)/(-12) + 68/204 + (-5)/2. What is the greatest common factor of 488 and r?
122
Suppose 0 = -38*p + 189*p - 7406 - 21133. What is the greatest common divisor of p and 675?
27
Let q be ((-92)/(-3))/(8/12). Let k = q - 66. Let g be (-2)/2*(k + 0/1). Calculate the highest common divisor of 40 and g.
20
Suppose 22*p - 52 = 18*p. Let g = p - 10. Suppose 1 = g*i - 32. Calculate the greatest common divisor of i and 121.
11
Let c = 43 + -44. Let r be c - -95 - (-10)/(-10). Let w(n) = n**3 - 4*n**2 + 2*n - 4. Let u be w(5). What is the greatest common factor of u and r?
31
Let s(v) = -2*v**2 - 13*v - 7. Let u be s(-5). Let j be -2 - (36 - 28)*(-146)/u. Calculate the highest common divisor of 40 and j.
8
Suppose -18 = -495*i + 501*i. Let m(q) = -34*q + 96. Let z be m(i). What is the greatest common factor of 11 and z?
11
Suppose 40*u - 52*u = -2478 + 318. What is the highest common divisor of 324 and u?
36
Let m be 11/(-22) + 23/2. Let k be 71 + (m - 6) + -2. What is the greatest common factor of k and 111?
37
Let o be (1210/33)/(-11)*198/(-5) + 6. What is the highest common divisor of 7797 and o?
69
Let m(d) = 7*d - 30. Suppose o - 2*a - 2 = -0*o, -o = -3*a + 3. Let w be m(o). Calculate the greatest common factor of 27 and w.
27
Suppose 4*n + 12 - 1 = -5*g, -2*n + 14 = -4*g. Let f be ((-174)/(-8))/(n/28). What is the greatest common factor of 174 and f?
87
Let i be (-6 + (7 - 0))*(0 + 11). Calculate the highest common factor of 257 and i.
1
Suppose 2*y - 3*y = 2*i - 52, -2*y + 5*i = -86. Suppose -3*f - 2*c + 192 = 0, -43*f = -40*f - 5*c - 192. Calculate the greatest common factor of f and y.
16
Suppose -5*s + 502 = 4*p - 174, -134 = -s - 2*p. Let w = -9 + 8. Let d be (1/(-2))/(w/s). What is the greatest common divisor of 34 and d?
34
Suppose -105*d + 23040 = 15*d. Let n be -1 - (-42)/2 - -1. Let t = 45 - n. What is the greatest common divisor of d and t?
24
Let a = 167 + -164. Suppose a*v - 324 = 3*d - 6*d, 5*d - 554 = 2*v. What is the highest common divisor of 20 and d?
10
Let h be ((-4)/(-10))/(5/50). Suppose -5*p + 2*u + 324 = -u, 3*p = h*u + 201. Suppose 2*g - 9*g + p = 0. What is the highest common divisor of g and 9?
9
Let b = -59 + 235. Let r be (112/10)/(23/115). Suppose n - t = 12, -r = -4*n + t + t. What is the greatest common factor of n and b?
16
Let m be (-7275)/(-300) - 3/12. What is the highest common divisor of m and 23052?
12
Let y(t) = 2*t**2 + 46*t + 10. Let x be y(-23). Suppose c = -4*s + 760, 4*c + 11*s - x*s = 3070. Calculate the highest common divisor of c and 12.
12
Let q(b) = 351*b**2 - 6*b + 21. Let z be q(3). What is the greatest common factor of 12 and z?
6
Suppose 2*f - 3 = -f. Suppose 25*l - 26*l + 6*l - 20 = 0. Calculate the highest common factor of l and f.
1
Suppose -3*w = 3 + 12, 125 = 5*y - w. Let c(h) = -5*h + 8. Let b be c(y). Let n = b - -136. What is the greatest common factor of n and 96?
24
Suppose -1630*q + 1667*q = 12017 + 14364. What is the greatest common factor of q and 155?
31
Let g(l) = 31*l + 310. Let w be g(-9). Calculate the highest common factor of w and 2201.
31
Let b = 919 + -845. Calculate the greatest common factor of 6031 and b.
37
Suppose 21*r + 106174 = 103*r - 5592. What is the greatest common divisor of r and 261?
29
Suppose -5 - 19 = -33*z + 32*z. What is the highest common divisor of 4728 and z?
24
Let x = -6125 - -6185. What is the highest common factor of x and 135?
15
Let p = -325 - -356. Suppose 16*x = -p*x + 2256. Let v(k) = 6*k**2 + 4*k - 2. Let f be v(3). What is the greatest common divisor of x and f?
16
Let m = -4608 - -6456. Suppose -8*a + m = 14*a. What is the greatest common factor of 112 and a?
28
Let b = 84 - 39. Let m(f) = 11*f**3 - 2*f**2 + 8*f + 8. Let i be m(4). Let c = -352 + i. Calculate the highest common divisor of c and b.
45
Let i(t) = 231*t**2 - 2*t - 1. Let l be i(-1). Let o(u) = u**3 - 13*u**2 + 17*u + 173. Let p be o(5). What is the highest common divisor of p and l?
58
Let f(l) = -251*l - 2033. Let h be f(-10). What is the greatest common divisor of 171 and h?
9
Let j be (-1)/2 - (-6509)/46. Suppose -8*q + j = -147. What is the greatest common divisor of 189 and q?
9
Let t = -9 - -120. Suppose 273 + t = 8*m. Calculate the greatest common divisor of 64 and m.
16
Let f = 41037 - 35341. What is the highest common divisor of f and 192?
64
Suppose -8*z + 9*z + 29 = 0. Let i = z + 106. Let u = 388 + -377. Calculate the greatest common divisor of i and u.
11
Suppose -11906 = -16*g + 5950. Calculate the greatest common factor of g and 4.
4
Suppose 1078 = 5*g - 22. Suppose 179*i - 9067 = 5523 + 3310. What is the greatest common divisor of g and i?
20
Let n(v) = -11942*v - 11886. Let o be n(-1). Let z = 64 + -43. What is the greatest common divisor of o and z?
7
Let f be -15 + (137 - (-374)/(-22)). Suppose -2*x = 1 + 153. Let a = -42 - x. Calculate the greatest common factor of a and f.
35
Suppose -6*b = -3926 + 266. Let j = -250 + b. What is the highest common factor of 24 and j?
24
Let a(w) = w**3 - 7*w**2 + 6*w - 3. Let v be a(7). Let y be ((-140)/28 - 230/(-2)) + -6. Calculate the greatest common factor of y and v.
13
Suppose -3*k = 3*c - 3072, 5 = 5*c - 4*c. Suppose -5*h - 2*i + 0*i + 1713 = 0, k = 3*h - i. What is the highest common factor of 22 and h?
11
Let q = 1043 + -1038. Suppose -q*l = -20*l + 150. What is the greatest common divisor of 225 and l?
5
Let p = 9 - 5. Suppose -p*o = -2*o - 94. Let b(l) = -104*l - 20. Let q be b(-2). What is the greatest common factor of q and o?
47
Suppose 46*d - 48*d - x = -478, 2*x = -d + 227. Calculate the highest common divisor of d and 1062.
9
Let y be 0 - 0 - 18/2. Let v(w) = -11*w**2 + 28*w**2 - 6*w**2 + 17 - 12*w**2 - 8*w. Let b be v(y). Calculate the highest common divisor of b and 40.
8
Let t = -3967 - -3976. Let p(h) = 3*h**2 - 14*h - 28. Let v be p(13). Calculate the highest common divisor of t and v.
9
Suppose 3528 = 1059*f - 1035*f. Let s be 3*1/((-1)/(-7)). What is the highest common divisor of s and f?
21
Suppose -2*w - 28 = 4*h - 34, -h - 3*w = 1. Suppose h*z = 7 + 49. What is the greatest common factor of 49 and z?
7
Let q be (-15024)/42*(-133)/19. Calculate the highest common divisor of 24 and q.
8
Let n = -4018 + 7762. Calculate the highest common divisor of n and 52.
52
Let w be 2/(-7) + (-328)/28. Let a(l) = l**2 + 8*l - 34. Let n be a(w). Let j(q) = 2*q**2 - 3*q. Let r be j(2). Calculate the greatest common factor of n and r.
2
Let k be 5/1*((-126)/35 + 4). Suppose 0 = g + 4*j - 63, 2*j - 126 = -k*g - 3*j. What is the highest common divisor of 9 and g?
9
Let c = -26714 - -41885. What is the highest common factor of c and 39?
39
Let h be (204/(-32))/51 - 194/(-16). What is the highest common divisor of 696 and h?
12
Suppose q - 5*l + 4*l = 30, 2*q - 32 = -5*l. Suppose 0 = 2*c - 418 - 76. Calculate the highest common factor of q and c.
13
Suppose y = -b + 136, -4*y - 3*b + 607 = 66. Let z = y - 23. Calculate the greatest common factor of z and 66.
22
Let y be 30*(-7 - 76/(-8)). Suppose -f = -2*b - 49, -5*f = -5*b + 58 - 293. What is the greatest common divisor of f and y?
15
Let h be (33/(-3168)*-16)/(-1 - (-237)/234). Suppose 2*r = -3*r + 5. Calculate the highest common divisor of r and h.
1
Suppose 7*o - 12 = 4*o. Let h be (-2 - 12/8)*-6. Let m = -17 + h. What is the greatest common factor of o and m?
4
Let g = 123 + -57. Let b = 10 + -6. Suppose -b*z + 173 + 1 = -w, -228 = -5*z - 4*w. Calculate the highest